se 4) to base 5
4
4 (base 11) to base 4
10
Convert -120 (base 7) to base 4.
-333
What is 71 (base 16) in base 3?
11012
-9 (base 12) to base 11
-9
Convert -1 (base 8) to base 11.
-1
21 (base 10) to base 13
18
What is -1a (base 14) in base 6?
-40
What is -30 (base 12) in base 13?
-2a
What is 114 (base 5) in base 15?
24
Convert 5 (base 9) to base 5.
10
Convert -131 (base 6) to base 4.
-313
What is -11 (base 13) in base 2?
-1110
Convert -6 (base 16) to base 10.
-6
What is -b (base 12) in base 5?
-21
What is -8f (base 16) in base 2?
-10001111
What is 25 (base 11) in base 13?
21
What is -3 (base 10) in base 11?
-3
Convert 2c (base 13) to base 12.
32
Convert -17 (base 11) to base 4.
-102
Convert -200 (base 4) to base 13.
-26
-2 (base 15) to base 11
-2
What is 11 (base 7) in base 11?
8
12 (base 5) to base 12
7
111 (base 3) to base 11
12
-4c (base 16) to base 13
-5b
What is -242 (base 5) in base 14?
-52
What is -87 (base 14) in base 7?
-230
Convert 4 (base 8) to base 6.
4
Convert 32 (base 6) to base 9.
22
-214 (base 12) to base 10
-304
What is 102 (base 5) in base 12?
23
24 (base 12) to base 15
1d
56 (base 14) to base 4
1030
What is -3 (base 15) in base 11?
-3
30 (base 4) to base 11
11
4 (base 7) to base 9
4
Convert 115 (base 7) to base 5.
221
What is 4 (base 14) in base 15?
4
-1c (base 13) to base 4
-121
Convert -54 (base 8) to base 5.
-134
30 (base 4) to base 14
c
Convert 1 (base 16) to base 6.
1
Convert -a3 (base 16) to base 14.
-b9
2 (base 15) to base 2
10
Convert -40 (base 8) to base 7.
-44
Convert 13 (base 5) to base 9.
8
What is 1111000 (base 2) in base 13?
93
-10 (base 2) to base 3
-2
1 (base 3) to base 4
1
-100 (base 4) to base 13
-13
What is 51 (base 8) in base 13?
32
-3 (base 7) to base 16
-3
9b (base 16) to base 10
155
4 (base 8) to base 5
4
0 (base 12) to base 4
0
Convert -3021 (base 4) to base 6.
-533
34 (base 6) to base 9
24
What is -20 (base 11) in base 6?
-34
Convert 351 (base 10) to base 14.
1b1
-7 (base 14) to base 15
-7
Convert -1 (base 7) to base 8.
-1
Convert -7 (base 10) to base 6.
-11
-10 (base 11) to base 7
-14
What is 11100 (base 2) in base 9?
31
What is -11 (base 4) in base 15?
-5
-12102 (base 3) to base 5
-1041
76 (base 11) to base 2
1010011
What is 1 (base 2) in base 7?
1
Convert 112 (base 14) to base 10.
212
What is 3 (base 10) in base 4?
3
Convert 1e (base 15) to base 7.
41
Convert 133 (base 5) to base 2.
101011
Convert -15 (base 13) to base 10.
-18
Convert 112 (base 9) to base 6.
232
What is 101 (base 3) in base 10?
10
Convert 27 (base 10) to base 6.
43
1001110 (base 2) to base 7
141
2 (base 11) to base 3
2
What is 54 (base 6) in base 16?
22
What is -33 (base 11) in base 4?
-210
Convert -30 (base 15) to base 16.
-2d
-255 (base 7) to base 4
-2022
What is -12 (base 6) in base 8?
-10
Convert -1 (base 8) to base 3.
-1
What is 123 (base 4) in base 3?
1000
What is 2131 (base 5) in base 15?
146
14 (base 5) to base 12
9
What is 22 (base 5) in base 11?
11
Convert -d0 (base 16) to base 15.
-dd
-11 (base 13) to base 9
-15
Convert 4 (base 15) to base 14.
4
-10 (base 8) to base 14
-8
What is 4 (base 7) in base 14?
4
-7 (base 12) to base 11
-7
-c5 (base 14) to base 6
-445
1120 (base 3) to base 9
46
What is -2 (base 3) in base 14?
-2
12 (base 6) to base 5
13
Convert -63 (base 12) to base 15.
-50
Convert -4 (base 14) to base 15.
-4
What is 3 (base 5) in base 6?
3
What is 5 (base 12) in base 4?
11
What is 4 (base 7) in base 6?
4
221 (base 3) to base 7
34
Convert -31 (base 12) to base 10.
-37
Convert -146 (base 12) to base 13.
-123
0 (base 8) to base 7
0
0 (base 15) to base 7
0
Convert 110201 (base 3) to base 12.
247
What is -222 (base 4) in base 12?
-36
-100 (base 2) to base 15
-4
-1 (base 4) to base 12
-1
What is 1 (base 11) in base 8?
1
-1041 (base 5) to base 9
-172
What is 4 (base 5) in base 15?
4
Convert -8 (base 9) to base 12.
-8
-236 (base 12) to base 2
-101001010
What is -2 (base 15) in base 9?
-2
-11 (base 6) to base 13
-7
Convert -b (base 14) to base 4.
-23
16 (base 8) to base 6
22
-48 (base 12) to base 9
-62
Convert -51 (base 6) to base 14.
-23
Convert -244 (base 5) to base 10.
-74
Convert -7 (base 16) to base 4.
-13
23 (base 10) to base 15
18
What is cf (base 16) in base 13?
12c
-73 (base 14) to base 9
-122
-1 (base 13) to base 11
-1
Convert -31 (base 10) to base 15.
-21
What is 12 (base 13) in base 8?
17
What is 1 (base 14) in base 10?
1
Convert 1000001 (base 2) to base 14.
49
What is 100212 (base 3) in base 8?
412
What is 55 (base 9) in base 2?
110010
What is -101 (base 3) in base 10?
-10
Convert -4 (base 5) to base 8.
-4
Convert -5 (base 16) to base 10.
-5
Convert 1 (base 15) to base 12.
1
Convert 0 (base 13) to base 9.
0
Convert 17 (base 8) to base 4.
33
-20202 (base 3) to base 2
-10110110
Convert 11 (base 3) to base 13.
4
Convert -333 (base 4) to base 14.
-47
What is -3 (base 15) in base 4?
-3
-21 (base 6) to base 12
-11
-2 (base 16) to base 14
-2
What is 92 (base 12) in base 11?
a0
-4 (base 8) to base 13
-4
What is 1 (base 8) in base 15?
1
-3 (base 5) to base 10
-3
-3 (base 12) to base 5
-3
Convert 0 (base 3) to base 13.
0
Convert -c (base 13) to base 9.
-13
44 (base 8) to base 4
210
What is -14 (base 12) in base 16?
-10
What is 9 (base 15) in base 2?
1001
Convert -2 (base 3) to base 4.
-2
What is 101011 (base 2) in base 8?
53
8 (base 11) to base 13
8
2 (base 14) to base 3
2
Convert -3 (base 6) to base 2.
-11
Convert -31 (base 7) to base 4.
-112
What is -1a (base 13) in base 16?
-17
What is 1 (base 12) in base 11?
1
What is 1 (base 7) in base 12?
1
0 (base 13) to base 10
0
Convert 31 (base 4) to base 2.
1101
Convert -52 (base 10) to base 4.
-310
0 (base 15) to base 10
0
What is -72 (base 15) in base 10?
-107
Convert 3 (base 13) to base 6.
3
What is 0 (base 4) in base 7?
0
What is 2301 (base 4) in base 16?
b1
Convert 1201 (base 3) to base 12.
3a
Convert 124 (base 6) to base 8.
64
What is -12 (base 6) in base 2?
-1000
Convert 127 (base 8) to base 14.
63
Convert -7e (base 16) to base 6.
-330
Convert -4 (base 7) to base 6.
-4
11 (base 3) to base 5
4
Convert -1010000 (base 2) to base 12.
-68
Convert -200 (base 3) to base 16.
-12
Convert -3 (base 5) to base 3.
-10
What is -258 (base 10) in base 11?
-215
Convert -e (base 15) to base 8.
-16
31 (base 6) to base 16
13
Convert -3 (base 14) to base 4.
-3
What is -335 (base 8) in base 14?
-11b
Convert 101 (base 2) to base 16.
5
Convert -8 (base 11) to base 4.
-20
-2 (base 15) to base 5
-2
What is -2 (base 10) in base 15?
-2
1c (base 15) to base 10
27
Convert 1202 (base 3) to base 4.
233
14 (base 16) to base 5
40
-41 (base 12) to base 5
-144
-209 (base 11) to base 12
-18b
-1 (base 6) to base 2
-1
Convert -13 (base 12) to base 14.
-11
What is 4 (base 5) in base 10?
4
Convert 22112 (base 3) to base 15.
105
132 (base 7) to base 15
4c
-5 (base 7) to base 13
-5
1 (base 15) to base 12
1
3 (base 15) to base 6
3
Convert -1b (base 13) to base 7.
-33
Convert 1 (base 8) to base 16.
1
What is 10 (base 2) in base 10?
2
-16 (base 9) to base 2
-1111
Convert 4 (base 6) to base 9.
4
Convert -1 (base 3) to base 4.
-1
10011010 (base 2) to base 11
130
-23 (base 11) to base 14
-1b
Convert 1 (base 8) to base 4.
1
Convert -4 (base 8) to base 6.
-4
What is -2022 (base 3) in base 16?
-3e
What is 7c (base 15) in base 4?
1311
Convert -15 (base 14) to base 6.
-31
What is 3 (base 4) in base 2?
11
Convert 3 (base 10) to base 2.
11
What is -34 (base 5) in base 12?
-17
-110 (base 2) to base 3
-20
What is 39 (base 11) in base 4?
222
Convert 1130 (base 4) to base 2.
1011100
Convert 1110 (base 6) to base 15.
123
-1 (base 13) to base 6
-1
Convert 1 (base 15) to base 14.
1
What is 12 (base 10) in base 6?
20
Convert -1f (base 16) to base 14.
-23
What is 0 (base 8) in base 7?
0
Convert -3 (base 10) to base 8.
-3
What is -13 (base 7) in base 6?
-14
What is 148 (base 11) in base 4?
2231
-2 (base 4) to base 3
-2
What is -1 (base 14) in base 15?
-1
What is 31 (base 9) in base 3?
1001
Convert -10 (base 6) to base 15.
-6
What is -1 (base 6) in base 13?
-1
Convert 6 (base 13) to base 12.
6
5 (base 8) to base 4
11
-10010 (base 2) to base 8
-22
-4 (base 16) to base 10
-4
What is -13 (base 16) in base 9?
-21
Convert -1 (base 4) to base 8.
-1
1 (base 2) to base 10
1
-10 (base 2) to base 11
-2
What is -101 (base 10) in base 14?
-